{"id":6,"date":"2010-06-05T11:18:13","date_gmt":"2010-06-05T11:18:13","guid":{"rendered":"http:\/\/web.gluosnis.eu\/?page_id=6"},"modified":"2025-08-25T21:08:44","modified_gmt":"2025-08-25T21:08:44","slug":"saskaitos-uz-bendija","status":"publish","type":"page","link":"https:\/\/gluosnis.eu\/?page_id=6","title":{"rendered":"S\u0105skaitos u\u017e bendrij\u0105"},"content":{"rendered":"\n<p><\/p>\n\n\n<p><strong>2025 mokestiniai metai:<\/strong><\/p>\n<p><a href=\"https:\/\/gluosnis.eu\/wp-content\/uploads\/2025\/08\/2025-08-25-6A-1-3-uz-liepa.pdf\">2025-08-25 6A 1-3 (u\u017e liep\u0105)<\/a><\/p>\n<p><a href=\"https:\/\/gluosnis.eu\/wp-content\/uploads\/2025\/07\/2025-07-20-6A-1-3-uz-birzeli.pdf\">2025-07-20 6A 1-3 (u\u017e bir\u017eel\u012f)<\/a><\/p>\n<p><a href=\"https:\/\/gluosnis.eu\/wp-content\/uploads\/2025\/06\/2025-05-26-6A-1-3-uz-geguzi.pdf\">2025-05-26 6A 1-3 (u\u017e gegu\u017e\u012f)<\/a><\/p>\n<p><a href=\"https:\/\/gluosnis.eu\/wp-content\/uploads\/2025\/05\/2025-05-23-6A-1-3-uz-balandi.pdf\">2025-05-23 6A 1-3 (u\u017e baland\u012f)<\/a><\/p>\n<p><a href=\"https:\/\/gluosnis.eu\/wp-content\/uploads\/2025\/04\/2025-04-03-6A-1-3-uz-kova.pdf\">2025-04-03 6A 1-3 (u\u017e kov\u0105)<\/a><\/p>\n<p><a href=\"https:\/\/gluosnis.eu\/wp-content\/uploads\/2025\/03\/2025-03-23-6A-1-3-uz-vasari.pdf\">2025-03-23 6A 1-3 (u\u017e vasar\u012f)<\/a><\/p>\n<p><a href=\"https:\/\/gluosnis.eu\/wp-content\/uploads\/2025\/02\/2025-02-17-6A-1-3-uz-sausi.pdf\">2025-02-17 6A 1-3 (u\u017e saus\u012f)<\/a><\/p>\n<p><strong>2024 mokestiniai metai:<\/strong><\/p>\n<p><a href=\"https:\/\/gluosnis.eu\/wp-content\/uploads\/2025\/01\/2025-01-21-6A-1-3-uz-gruodi.pdf\">2025-01-21 6A 1-3 (u\u017e gruod\u012f)<\/a><\/p>\n<p><a href=\"https:\/\/gluosnis.eu\/wp-content\/uploads\/2024\/12\/2024-12-16-6A-1-3-uz-lapkriti.pdf\">2024-12-16 6A 1-3 (u\u017e lapkrit\u012f)<\/a><\/p>\n<p><a href=\"https:\/\/gluosnis.eu\/wp-content\/uploads\/2024\/11\/2024-11-20-6A-1-3-uz-spali.pdf\">2024-11-20 6A 1-3 (u\u017e spal\u012f)<\/a><\/p>\n<p><a href=\"https:\/\/gluosnis.eu\/wp-content\/uploads\/2024\/10\/2024-10-10-6A-1-3-uz-rugseji.pdf\">2024-10-10 6A 1-3 (u\u017e rugs\u0117j\u012f)<\/a><\/p>\n<p><a href=\"https:\/\/gluosnis.eu\/wp-content\/uploads\/2024\/09\/2024-09-23-6A-1-3-uz-rugpjuti.pdf\">2024-09-23 6A 1-3 (u\u017e rugpj\u016bt\u012f)<\/a><\/p>\n<p><a href=\"https:\/\/gluosnis.eu\/wp-content\/uploads\/2024\/08\/2024-08-25-6A-1-3-uz-liepa.pdf\">2024-08-25 6A 1-3 (u\u017e liep\u0105)<\/a><\/p>\n<p><a href=\"https:\/\/gluosnis.eu\/wp-content\/uploads\/2024\/07\/2024-07-23-6A-1-3-uz-birzeli.pdf\">2024-07-23 6A 1-3 (u\u017e bir\u017eel\u012f)<\/a><\/p>\n<p><a href=\"https:\/\/gluosnis.eu\/wp-content\/uploads\/2024\/06\/2024-06-21-6A-1-3-uz-geguzi.pdf\">2024-06-21 6A 1-3 (u\u017e gegu\u017e\u012f)<\/a><\/p>\n<p><a href=\"https:\/\/gluosnis.eu\/wp-content\/uploads\/2024\/05\/2024-05-20-6A-1-3-uz-balandi.pdf\">2024-05-20 6A 1-3 (u\u017e baland\u012f)<\/a><\/p>\n<p><a href=\"https:\/\/gluosnis.eu\/wp-content\/uploads\/2024\/04\/2024-04-19-6A-1-3-uz-kova.pdf\">2024-04-19 6A 1-3 (u\u017e kov\u0105)<\/a><\/p>\n<p><a href=\"https:\/\/gluosnis.eu\/wp-content\/uploads\/2024\/03\/2024-03-19-6A-1-3-uz-vasari.pdf\">2024-03-19 6A 1-3 (u\u017e vasar\u012f)<\/a><\/p>\n<p><a href=\"https:\/\/gluosnis.eu\/wp-content\/uploads\/2024\/02\/2024-02-12-6A-1-3-uz-sausi.pdf\">2024-02-12 6A 1-3 (u\u017e saus\u012f)<\/a><\/p>\n<p><strong>2023 mokestiniai metai:<\/strong><\/p>\n<p><a href=\"https:\/\/gluosnis.eu\/wp-content\/uploads\/2024\/01\/2024-01-16-6A-1-3-uz-gruodi.pdf\">2024-01-16 6A 1-3 (u\u017e gruod\u012f)<\/a><\/p>\n<p><a href=\"https:\/\/gluosnis.eu\/wp-content\/uploads\/2023\/12\/2023-12-06-6A-1-3-uz-lapkriti.pdf\">2023-12-06 6A 1-3 (u\u017e lapkrit\u012f)<\/a><\/p>\n<p><a href=\"https:\/\/gluosnis.eu\/wp-content\/uploads\/2023\/11\/2023-11-14-6A-1-3-uz-spali.pdf\">2023-11-14 6A 1-3 (u\u017e spal\u012f)<\/a><\/p>\n<p><a href=\"https:\/\/gluosnis.eu\/wp-content\/uploads\/2023\/10\/2023-10-23-6A-1-3-uz-rugseji.pdf\">2023-10-23 6A 1-3 (u\u017e rugs\u0117j\u012f)<\/a><\/p>\n<p><a href=\"https:\/\/gluosnis.eu\/wp-content\/uploads\/2023\/09\/2023-09-13-6A-1-3-uz-rugpjuti.pdf\">2023-09-13 6A 1-3 (u\u017e rugpj\u016bt\u012f)<\/a><\/p>\n<p><a href=\"https:\/\/gluosnis.eu\/wp-content\/uploads\/2023\/08\/2023-08-25-6A-1-3-uz-liepa.pdf\">2023-08-25 6A 1-3 (u\u017e liep\u0105)<\/a><\/p>\n<p><a href=\"https:\/\/gluosnis.eu\/wp-content\/uploads\/2023\/07\/2023-07-19-6A-1-3-uz-birzeli.pdf\">2023-07-19 6A 1-3 (u\u017e bir\u017eel\u012f)<\/a><\/p>\n<p><a href=\"https:\/\/gluosnis.eu\/wp-content\/uploads\/2023\/06\/2023-06-27-6A-1-3-uz-geguzi.pdf\">2023-06-27 6A 1-3 (u\u017e gegu\u017e\u012f)<\/a><\/p>\n<p><a href=\"https:\/\/gluosnis.eu\/wp-content\/uploads\/2023\/05\/2023-05-20-6A-1-3-uz-balandi.pdf\">2023-05-20 6A 1-3 (u\u017e baland\u012f)<\/a><\/p>\n<p><a href=\"https:\/\/gluosnis.eu\/wp-content\/uploads\/2023\/04\/2023-04-18-6A-1-3-uz-kova.pdf\">2023-04-18 6A 1-3 (u\u017e kov\u0105)<\/a><\/p>\n<p><a href=\"https:\/\/gluosnis.eu\/wp-content\/uploads\/2023\/03\/2023-03-20-6A-1-3-uz-vasari.pdf\">2023-03-20 6A 1-3 (u\u017e vasar\u012f)<\/a><\/p>\n<p><a href=\"https:\/\/gluosnis.eu\/wp-content\/uploads\/2023\/02\/2023-02-20-6A-1-3-uz-sausi.pdf\">2023-02-20 6A 1-3 (u\u017e saus\u012f)<\/a><\/p>\n<p><strong>2022 mokestiniai metai:<\/strong><\/p>\n<p><a href=\"https:\/\/gluosnis.eu\/wp-content\/uploads\/2023\/01\/2023-01-20-6A-1-3-uz-gruodi.pdf\">2023-01-20 6A 1-3 (u\u017e gruod\u012f)<\/a><\/p>\n<p><a href=\"https:\/\/gluosnis.eu\/wp-content\/uploads\/2022\/12\/2022-12-14-6A-1-3-uz-lapkriti.pdf\">2022-12-14 6A 1-3 (u\u017e lapkrit\u012f)<\/a><\/p>\n<p><a href=\"https:\/\/gluosnis.eu\/wp-content\/uploads\/2022\/11\/2022-11-20-6A-1-3-uz-spali.pdf\">2022-11-20 6A 1-3 (u\u017e spal\u012f)<\/a><\/p>\n<p><a href=\"https:\/\/gluosnis.eu\/wp-content\/uploads\/2022\/10\/2022-10-20-6A-1-3-uz-rugseji.pdf\">2022-10-20 6A 1-3 (u\u017e rugs\u0117j\u012f)<\/a><\/p>\n<p><a href=\"https:\/\/gluosnis.eu\/wp-content\/uploads\/2022\/08\/2022-08-17-6A-1-3-uz-liepa.pdf\">2022-08-17 6A 1-3 (u\u017e liep\u0105)<\/a><\/p>\n<p><a href=\"https:\/\/gluosnis.eu\/wp-content\/uploads\/2022\/07\/2022-07-16-6A-1-3-uz-birzeli.pdf\">2022-07-16 6A 1-3 (u\u017e bir\u017eel\u012f)<\/a><\/p>\n<p><a href=\"https:\/\/gluosnis.eu\/wp-content\/uploads\/2022\/06\/2022-06-20-6A-1-3-uz-geguzi.pdf\">2022-06-20 6A 1-3 (u\u017e gegu\u017e\u012f)<\/a><\/p>\n<p><a href=\"https:\/\/gluosnis.eu\/wp-content\/uploads\/2022\/05\/2022-05-17-6A-1-3-uz-balandi.pdf\">2022-05-17 6A 1-3 (u\u017e baland\u012f)<\/a><\/p>\n<p><a href=\"https:\/\/gluosnis.eu\/wp-content\/uploads\/2022\/04\/2022-04-19-6A-1-3-uz-kova.pdf\">2022-04-19 6A 1-3 (u\u017e kov\u0105)<\/a><\/p>\n<p><a href=\"https:\/\/gluosnis.eu\/wp-content\/uploads\/2022\/03\/2022-03-15-6A-1-3-uz-vasari.pdf\">2022-03-15 6A 1-3 (u\u017e vasar\u012f)<\/a><\/p>\n<p><a href=\"https:\/\/gluosnis.eu\/wp-content\/uploads\/2022\/02\/2022-02-17-6A-1-3-uz-sausi.pdf\">2022-02-17 6A 1-3 (u\u017e saus\u012f)<\/a><\/p>\n<p><strong>2021 mokestiniai metai:<\/strong><\/p>\n<p><a href=\"https:\/\/gluosnis.eu\/wp-content\/uploads\/2022\/01\/2022-01-04-6A-1-3-uz-gruodi.pdf\">2022-01-04 6A 1-3 (u\u017e gruod\u012f)<\/a><\/p>\n<p><a href=\"https:\/\/gluosnis.eu\/wp-content\/uploads\/2021\/12\/2021-12-21-6A-1-3-uz-lapkriti.pdf\">2021-12-21 6A 1-3 (u\u017e lapkrit\u012f)<\/a><\/p>\n<p><a href=\"https:\/\/gluosnis.eu\/wp-content\/uploads\/2021\/11\/2021-11-17-6A-1-3-uz-spali.pdf\">2021-11-17 6A 1-3 (u\u017e spal\u012f)<\/a><\/p>\n<p><a href=\"https:\/\/gluosnis.eu\/wp-content\/uploads\/2021\/11\/2021-10-19-6A-1-3-uz-rugseji.pdf\">2021-10-19 6A 1-3 (u\u017e rugs\u0117j\u012f)<\/a><\/p>\n<p><a href=\"https:\/\/gluosnis.eu\/wp-content\/uploads\/2021\/09\/2021-09-23-6A-1-3-uz-rugpjuti.pdf\">2021-09-23 6A 1-3 (u\u017e rugpj\u016bt\u012f)<\/a><\/p>\n<p><a href=\"https:\/\/gluosnis.eu\/wp-content\/uploads\/2021\/08\/2021-08-13-6A-1-3-uz-liepa.pdf\">2021-08-13 6A 1-3 (u\u017e liep\u0105)<\/a><\/p>\n<p><a href=\"https:\/\/gluosnis.eu\/wp-content\/uploads\/2021\/07\/2021-07-09-6A-1-3-uz-birzeli.pdf\">2021-07-09 6A 1-3 (u\u017e bir\u017eel\u012f)<\/a><\/p>\n<p><a href=\"https:\/\/gluosnis.eu\/wp-content\/uploads\/2021\/06\/2021-06-15-6A-1-3-uz-geguzi.pdf\">2021-06-15 6A 1-3 (u\u017e gegu\u017e\u012f)<\/a><\/p>\n<p><a href=\"https:\/\/gluosnis.eu\/wp-content\/uploads\/2021\/05\/2021-05-20-6A-1-3-uz-balandi.pdf\">2021-05-20 6A 1-3 (u\u017e baland\u012f)<\/a><\/p>\n<p><a href=\"https:\/\/gluosnis.eu\/wp-content\/uploads\/2021\/04\/2021-04-19-6A-1-3-uz-kova.pdf\">2021-04-19 6A 1-3 (u\u017e kov\u0105)<\/a><\/p>\n<p><a href=\"https:\/\/gluosnis.eu\/wp-content\/uploads\/2021\/03\/2021-03-24-6A-1-3-uz-vasari.pdf\">2021-03-24 6A 1-3 (u\u017e vasar\u012f)<\/a><\/p>\n<p><a href=\"https:\/\/gluosnis.eu\/wp-content\/uploads\/2021\/02\/2021-02-22-6A-1-3-uz-sausi.pdf\">2021-02-22 6A 1-3 (u\u017e saus\u012f)<\/a><\/p>\n<p><a href=\"https:\/\/gluosnis.eu\/wp-content\/uploads\/2021\/01\/2021-01-17-6A-1-3-uz-gruodi.pdf\">2021-01-17 6A 1-3 (u\u017e gruod\u012f)<\/a><\/p>\n<p><strong>2020 mokestiniai metai:<\/strong><\/p>\n<p><a href=\"https:\/\/gluosnis.eu\/wp-content\/uploads\/2020\/12\/2020-12-08-6A-1-3-u\u017e-lapkrit\u012f.pdf\">2020-12-08 6A 1-3 (u\u017e lapkrit\u012f)<\/a><\/p>\n<p><a href=\"https:\/\/gluosnis.eu\/wp-content\/uploads\/2020\/12\/2020-11-22-6A-1-3-u\u017e-spal\u012f.pdf\">2020-11-22 6A 1-3 (u\u017e spal\u012f)<\/a><\/p>\n<p><a href=\"https:\/\/gluosnis.eu\/wp-content\/uploads\/2020\/10\/2020-10-20-6A-1-3-u\u017e-rugs\u0117j\u012f.pdf\">2020-10-20 6A 1-3 (u\u017e rugs\u0117j\u012f)<\/a><\/p>\n<p><a href=\"https:\/\/gluosnis.eu\/wp-content\/uploads\/2020\/09\/2020-08-15-6A-1-3-u\u017e-rugpj\u016bt\u012f.pdf\">2020-08-15 6A 1-3 (u\u017e rugpj\u016bt\u012f)<\/a><\/p>\n<p><a href=\"https:\/\/gluosnis.eu\/wp-content\/uploads\/2020\/09\/2020-08-17-6A-1-3-u\u017e-liep\u0105-PATAISYTA.pdf\">2020-08-17 6A 1-3 (u\u017e liep\u0105) PATAISYTA<\/a><\/p>\n<p><a href=\"https:\/\/gluosnis.eu\/wp-content\/uploads\/2020\/09\/2020-07-15-6A-1-3-u\u017e-bir\u017eel\u012f.pdf\">2020-07-15 6A 1-3 (u\u017e bir\u017eel\u012f)<\/a><\/p>\n<p><a href=\"https:\/\/gluosnis.eu\/wp-content\/uploads\/2020\/07\/2020-06-20-6A-1-3-u\u017e-gegu\u017e\u012f.pdf\">2020-06-20 6A 1-3 (u\u017e gegu\u017e\u012f)<\/a><\/p>\n<p><a href=\"https:\/\/gluosnis.eu\/wp-content\/uploads\/2020\/05\/2020-05-20-6A-1-3-u\u017e-baland\u012f.pdf\">2020-05-20 6A 1-3 (u\u017e baland\u012f)<\/a><\/p>\n<p><a href=\"https:\/\/gluosnis.eu\/wp-content\/uploads\/2020\/04\/2020-04-02-6A-1-3-u\u017e-kov\u0105.pdf\">2020-04-02 6A 1-3 (u\u017e kov\u0105)<\/a><\/p>\n<p><a href=\"https:\/\/gluosnis.eu\/wp-content\/uploads\/2020\/03\/2020-03-20-6A-1-3-u\u017e-vasar\u012f.pdf\">2020-03-20 6A 1-3 (u\u017e vasar\u012f)<\/a><\/p>\n<p><a href=\"https:\/\/gluosnis.eu\/wp-content\/uploads\/2020\/03\/2020-02-18-6A-1-3-u\u017e-saus\u012f.pdf\">2020-02-18 6A 1-3 (u\u017e saus\u012f)<\/a><\/p>","protected":false},"excerpt":{"rendered":"<p>2025 mokestiniai metai: 2025-08-25 6A 1-3 (u\u017e liep\u0105) 2025-07-20 6A 1-3 (u\u017e bir\u017eel\u012f) 2025-05-26 6A 1-3 (u\u017e gegu\u017e\u012f) 2025-05-23 6A 1-3 (u\u017e baland\u012f) 2025-04-03 6A 1-3 (u\u017e kov\u0105) 2025-03-23 6A 1-3 (u\u017e vasar\u012f) 2025-02-17 6A 1-3 (u\u017e saus\u012f) 2024 mokestiniai metai: 2025-01-21 6A 1-3 (u\u017e gruod\u012f) 2024-12-16 6A 1-3 (u\u017e lapkrit\u012f) 2024-11-20 6A 1-3 (u\u017e &hellip; <\/p>\n<p class=\"link-more\"><a href=\"https:\/\/gluosnis.eu\/?page_id=6\" class=\"more-link\">Toliau skaityti<span class=\"screen-reader-text\"> &#8222;S\u0105skaitos u\u017e bendrij\u0105&#8221;<\/span><\/a><\/p>\n","protected":false},"author":1,"featured_media":0,"parent":348,"menu_order":1,"comment_status":"closed","ping_status":"closed","template":"","meta":{"footnotes":"","_links_to":"","_links_to_target":""},"class_list":["post-6","page","type-page","status-publish","hentry","gallery-content-unit"],"_links":{"self":[{"href":"https:\/\/gluosnis.eu\/index.php?rest_route=\/wp\/v2\/pages\/6","targetHints":{"allow":["GET"]}}],"collection":[{"href":"https:\/\/gluosnis.eu\/index.php?rest_route=\/wp\/v2\/pages"}],"about":[{"href":"https:\/\/gluosnis.eu\/index.php?rest_route=\/wp\/v2\/types\/page"}],"author":[{"embeddable":true,"href":"https:\/\/gluosnis.eu\/index.php?rest_route=\/wp\/v2\/users\/1"}],"replies":[{"embeddable":true,"href":"https:\/\/gluosnis.eu\/index.php?rest_route=%2Fwp%2Fv2%2Fcomments&post=6"}],"version-history":[{"count":139,"href":"https:\/\/gluosnis.eu\/index.php?rest_route=\/wp\/v2\/pages\/6\/revisions"}],"predecessor-version":[{"id":2329,"href":"https:\/\/gluosnis.eu\/index.php?rest_route=\/wp\/v2\/pages\/6\/revisions\/2329"}],"up":[{"embeddable":true,"href":"https:\/\/gluosnis.eu\/index.php?rest_route=\/wp\/v2\/pages\/348"}],"wp:attachment":[{"href":"https:\/\/gluosnis.eu\/index.php?rest_route=%2Fwp%2Fv2%2Fmedia&parent=6"}],"curies":[{"name":"wp","href":"https:\/\/api.w.org\/{rel}","templated":true}]}}